i**2 - 68*i - 242. What is the tens digit of z(-4)?
0
What is the ten thousands digit of (-2)/((-11)/444895*2) - -7?
4
Suppose 8*r + 26 = 2. What is the tens digit of (-276)/8*40/r?
6
Suppose -5632*o = -5666*o + 2716124. What is the hundreds digit of o?
8
Suppose 25*o - 18*o + 336 = 0. Let m(t) = 2*t - 6. Let z be m(-8). Let i = z - o. What is the units digit of i?
6
Suppose -4*y - 16 = 0, -y + 3356 = 4*p + y. Suppose 4*o - 4*c - p = -c, -861 = -4*o - c. Suppose -5*r - o = -7*r. What is the hundreds digit of r?
1
Suppose -2*k + 54534 = 2*g, 34861 + 265011 = 11*k - 2*g. What is the tens digit of k?
6
Let x = 26 - 21. Suppose -10 = -0*q - x*q. Suppose 4*u = 3*f - 0*f + 341, -3*f = q*u - 175. What is the units digit of u?
6
Suppose 2*q - 5*h = 56145, 69*q - 5*h + 28065 = 70*q. What is the hundreds digit of q?
0
Let i(t) = 305*t**2 - 222*t + 1380. What is the tens digit of i(6)?
2
Let r(t) = t**3 - 34*t**2 - 88*t - 58. What is the thousands digit of r(46)?
1
What is the tens digit of 10049 + 1 + 7 + 2?
5
Let q(b) = 7313*b**2 - 10*b + 13. What is the hundreds digit of q(1)?
3
Suppose 0 = 6*n + 5*n + 6*n - 40171. What is the units digit of n?
3
Suppose -r - 12 = r - 4*x, 2*r + 15 = 5*x. Suppose r = -3*n + q - 129 - 17, 4*n = 3*q - 188. What is the units digit of (-14125)/n*2/5?
3
What is the units digit of ((-752)/(-24))/((-8)/(-6276))?
1
Let y = -12144 + 60736. What is the tens digit of y?
9
Suppose 0 = -4*x - 0*x + 4*q, 4*x = -q. Suppose -4*i + 3*w + 185 = 2*w, 4*i - 3*w - 195 = x. Let y = 82 - i. What is the tens digit of y?
3
What is the hundreds digit of (-1766)/4*(-103 - -35)*(-1)/(-2)?
0
Let d = -622 + 472. Let f = 78 - d. What is the hundreds digit of f?
2
Let g = 3339 + 1465. What is the tens digit of g?
0
Suppose -177237 - 39290 = -13*h - 17406. What is the thousands digit of h?
5
Let d(o) = -4*o - 628. Let c(j) = 6*j + 628. Let t(w) = -3*c(w) - 4*d(w). What is the units digit of t(0)?
8
Suppose -5*x = -10*x + 15. Suppose -4*j - 6*d + x*d = 90, -2*d = -4. What is the tens digit of -3*156/j*2/3?
1
Suppose -2*s = -f + 13, -f = -3*f - 4*s + 18. Suppose 6*o - f*o = -70. Suppose -12*i - 456 = -o*i. What is the tens digit of i?
2
Let o(h) = 13*h**3 + 1. Let b(f) = -2*f**3 - f**2 + 3*f - 2. Let t be b(-2). Let z be (2 - t)*(-3 - -2). What is the hundreds digit of o(z)?
1
Let s be -4 + 6 - (-192)/3. Let z = s + -58. Suppose 0 = 4*q - 3*m + z*m - 326, -2*q = -4*m - 150. What is the tens digit of q?
7
Let f(h) = 9*h**2 - 277*h - 20 + 278*h + 20*h**2. What is the hundreds digit of f(-4)?
4
Suppose 0 = -45*o + 25095 + 323970. What is the tens digit of o?
5
Let q(v) = 577*v - 1236. What is the units digit of q(7)?
3
Let y(k) = 5*k + 9. Let j be y(-1). Suppose 9*o - j*o = 6675. What is the tens digit of o?
3
Suppose 1987 = -k - m + 7817, -2*k = -4*m - 11636. What is the tens digit of k?
2
Let y be ((-3)/(-6))/(-2 + 57/30). What is the units digit of 2818/(-3)*(105/14)/y?
9
What is the thousands digit of -49829*14/(-91) - -23?
7
Let m(v) = -8*v + 16. Let r be (-3)/(-1) + 14 + -5. Suppose -3 - r = 3*k. What is the tens digit of m(k)?
5
Suppose -2*u + 9*u = 77. Suppose -i = 2*w - 7, -5*w + u = 4*i - 8. Suppose 5*b + 25 = 0, 5*l - 2*b = w*b + 595. What is the hundreds digit of l?
1
Suppose 5*m - 43352 = 4*y, -y + 21111 = 2*m + 3778. What is the thousands digit of m?
8
Suppose 33*v - 60725 = 455164. What is the thousands digit of v?
5
Let r be (1 - 2)/((-2)/(-2)). Let k(d) = -747*d - 799. Let o be k(-1). What is the units digit of r - (-13)/(o/(-24))?
5
Let h(r) = 535*r**2 - 60*r + 359. What is the hundreds digit of h(6)?
2
Suppose 13*r = 292 + 3660. Let v = -52 + r. What is the tens digit of v?
5
Let s(i) be the second derivative of 55*i**4/6 - i**2 - 41*i + 2. What is the hundreds digit of s(3)?
9
Suppose 5*g - 72255 = 5*c, -57810 = 429*g - 433*g + 2*c. What is the ten thousands digit of g?
1
Suppose -5*r + h = -61499, 5*r - 33226 - 28261 = 3*h. What is the units digit of r?
1
Suppose -6*a + 1 = -11. What is the units digit of (8/(-28))/(a - (-4174)/(-2086))?
8
Let k(o) = 1608*o - 6041. What is the hundreds digit of k(29)?
5
Let o(j) be the second derivative of -j**5/20 + 5*j**4/3 - 14*j**3/3 + 27*j**2/2 + 4*j. Let m(t) = 50*t - 532. Let k be m(11). What is the tens digit of o(k)?
7
Let v be (-1*4)/((-18)/28593*3). Suppose -6*s + v = -1002. What is the units digit of s?
0
Suppose -14360 + 269420 = 45*c. What is the thousands digit of c?
5
What is the units digit of ((-12)/(-7))/(82/550753)?
4
Suppose -h = b - 130, 3*b = -2*h + 188 + 77. Suppose 0 = -m + 6*m + h. What is the tens digit of ((-46)/6)/(m/75)?
2
Let f be (-51)/(-8) - 18/48. What is the units digit of (f/2)/((-42)/(-3206))?
9
Let g be 1 + (-20)/(-15)*24. Suppose -4*h + i + 33 + 74 = 0, h = -i + g. What is the units digit of h?
8
Suppose -11*r + 49 = -18*r. Let q(t) = -129*t - 159. What is the hundreds digit of q(r)?
7
Suppose -z - r + 4 = 2*r, 16 = 4*z + 5*r. Suppose 0 = -0*d + d + z. What is the tens digit of 230*1/d*(-4)/5?
4
Let s be (29 - 3)/((-10)/(-55)). Let r = 77 + s. What is the tens digit of r?
2
Suppose -6*c + 19546 + 49712 = 0. What is the thousands digit of c?
1
Suppose 11550 = -10*u + 9*u + 4*u. What is the tens digit of u?
5
Let c(t) = -118*t**2 - 1. Let p be c(1). Let w = p - -123. Suppose 86 = 3*d - 4*s, 2*d - 18 = d + w*s. What is the units digit of d?
4
Suppose 4*i + i = -6875. Let c = -778 - i. What is the units digit of c?
7
Suppose -5*k = 3*h - 67, 2*k - 9 + 81 = 4*h. Suppose h*q - 29*q = -2510. What is the tens digit of q?
5
Let t = -85 - -85. Suppose t = 3*o - 6*o - z + 4460, 4*z = -4*o + 5944. What is the tens digit of o?
8
Suppose -8*b = -9*b + 1065. Let j = -752 + b. What is the hundreds digit of j?
3
Let j(l) = 129*l**2 - 7*l - 12. Let d be j(-4). Suppose 4*x - 4*i - d = -x, 0 = -x - i + 425. What is the hundreds digit of x?
4
Let a = -225 - -231. Let o(s) = 8*s**3 - 4*s**2 - 4*s - 11. What is the tens digit of o(a)?
4
Suppose u - 4 = 0, u - 14 = -2*q - 0*q. Let j be (2 + (0 - 161))*-3. Suppose -4*v + 90 = -3*v + q*y, 2*y = 5*v - j. What is the tens digit of v?
9
Let a(u) be the third derivative of u**4/24 + u**3/2 - 5*u**2. Let j be a(1). Suppose 2*l = 5*z + 267, 2*l + j*z - 413 + 101 = 0. What is the units digit of l?
6
Let y(t) = 6276*t - 645. What is the hundreds digit of y(4)?
4
Let g(o) = -27*o**3 + 1011*o**2 + 7048*o. What is the hundreds digit of g(-7)?
4
Let q(r) be the third derivative of 31*r**4/24 - 35*r**3/6 - 12*r**2. What is the hundreds digit of q(5)?
1
Let t be 49 - (9 + (-2 - 3) + -2). Let z = t - -93. What is the hundreds digit of z?
1
Suppose -31*g + 28*g + 81 = 0. Suppose 5*k - 18 = 5*l + g, 22 = 3*k - 2*l. Suppose x + 5*c = 81, -90 = -5*x - k*c + 252. What is the units digit of x?
6
Let g = -11 + 13. Suppose 2*c - p + 5 + 0 = 0, g*p - 10 = 0. Let a(z) = 5*z + 268. What is the hundreds digit of a(c)?
2
Let a(z) = 17*z**3 - 2*z**2 + 15*z - 28. Let u be -5 - (-6)/((-6)/(-7)). What is the tens digit of a(u)?
3
Suppose 25*i - 21*i - 20 = 0. Suppose -4*g - 1085 = -5*h, g + 622 = -i*h + 1707. Let j = -91 + h. What is the tens digit of j?
2
Let d(u) be the third derivative of -u**6/30 - u**5/30 - u**4/6 - u**3/2 - 8*u**2. Let l be d(-1). Suppose -l*j = -6*j + 261. What is the tens digit of j?
8
Let k be 4*36/16 + 5. What is the units digit of 2/(32/1512)*72/k?
6
What is the hundreds digit of 11113 + 33/(-44)*-16?
1
Let p = 16 + -18. Let y(c) = -7*c**2 + 56*c - 25. Let n(j) = j**2 - 11*j + 5. Let m(u) = p*y(u) - 11*n(u). What is the tens digit of m(5)?
1
What is the tens digit of -2 + (2/(-3))/(15/37530*-3)?
5
Let k = 2466 - 2587. Let v = -41 + -170. Let p = k - v. What is the units digit of p?
0
Suppose -1 - 7 = -4*s. Suppose 4*y + s*k - 2736 = -2*k, 2*y - 1369 = -3*k. What is the units digit of y?
3
Suppose 4 = -2*b + 6. Let q be (0 + b)/(1*(-2)/(-6)). Suppose 41 = 2*d + q*u - 0*u, -90 = -5*d + 5*u. What is the units digit of d?
9
Suppose 33*m - 615133 = 14*m + 244028. What is the hundreds digit of m?
2
Suppose 404*p + 117800 = 429*p. What is the thousands digit of p?
4
Suppose -q = -4*q + p + 5134, 2*q - 3416 = 2*p. Suppose -q = -7*j + 492. What is the units digit of j?
5
Let n be ((-8)/(-10))/((-74)/(-185)). What is the units digit of 1/8*n - 101